{"id":306,"date":"2020-12-01T15:41:05","date_gmt":"2020-12-01T14:41:05","guid":{"rendered":"http:\/\/ecolesainteanne-baud.com\/?page_id=306"},"modified":"2026-03-09T14:07:43","modified_gmt":"2026-03-09T13:07:43","slug":"documents-parents","status":"publish","type":"page","link":"https:\/\/ecolesainteanne-baud.com\/index.php\/documents-parents\/","title":{"rendered":"Documents Parents"},"content":{"rendered":"\n<p>Vous trouverez ici quelques documents pour d\u00e9couvrir l&rsquo;\u00e9cole.<\/p>\n\n\n\n<p>N&rsquo;h\u00e9sitez pas \u00e0 nous joindre pour avoir de plus amples informations et\/ou pour prendre rendez-vous. <\/p>\n\n\n\n<div data-wp-interactive=\"core\/file\" class=\"wp-block-file\"><object data-wp-bind--hidden=\"!state.hasPdfPreview\" hidden class=\"wp-block-file__embed\" data=\"https:\/\/ecolesainteanne-baud.com\/wp-content\/uploads\/2026\/03\/Flyer-Projet-decole-BAUD-2025-Presentation.pdf\" type=\"application\/pdf\" style=\"width:100%;height:600px\" aria-label=\"Contenu embarqu\u00e9 Flyer Projet d&apos;\u00e9cole BAUD 2025 Pr\u00e9sentation.\"><\/object><a id=\"wp-block-file--media-fd2fa82b-2695-4ec6-b87d-09b7974f5237\" href=\"https:\/\/ecolesainteanne-baud.com\/wp-content\/uploads\/2026\/03\/Flyer-Projet-decole-BAUD-2025-Presentation.pdf\">Flyer Projet d&rsquo;\u00e9cole BAUD 2025 Pr\u00e9sentation<\/a><a href=\"https:\/\/ecolesainteanne-baud.com\/wp-content\/uploads\/2026\/03\/Flyer-Projet-decole-BAUD-2025-Presentation.pdf\" class=\"wp-block-file__button wp-element-button\" download aria-describedby=\"wp-block-file--media-fd2fa82b-2695-4ec6-b87d-09b7974f5237\">T\u00e9l\u00e9charger<\/a><\/div>\n\n\n\n<div data-wp-interactive=\"core\/file\" class=\"wp-block-file\"><object data-wp-bind--hidden=\"!state.hasPdfPreview\" hidden class=\"wp-block-file__embed\" data=\"https:\/\/ecolesainteanne-baud.com\/wp-content\/uploads\/2026\/03\/Le-Projet-Educatif-de-lEcole-2025-2026.pdf\" type=\"application\/pdf\" style=\"width:100%;height:600px\" aria-label=\"Contenu embarqu\u00e9 Le Projet Educatif de l&apos;Ecole 2025 2026.\"><\/object><a id=\"wp-block-file--media-c896d54d-dd64-45e5-9c03-94422fe702cd\" href=\"https:\/\/ecolesainteanne-baud.com\/wp-content\/uploads\/2026\/03\/Le-Projet-Educatif-de-lEcole-2025-2026.pdf\">Le Projet Educatif de l&rsquo;Ecole 2025 2026<\/a><a href=\"https:\/\/ecolesainteanne-baud.com\/wp-content\/uploads\/2026\/03\/Le-Projet-Educatif-de-lEcole-2025-2026.pdf\" class=\"wp-block-file__button wp-element-button\" download aria-describedby=\"wp-block-file--media-c896d54d-dd64-45e5-9c03-94422fe702cd\">T\u00e9l\u00e9charger<\/a><\/div>\n","protected":false},"excerpt":{"rendered":"<p>Vous trouverez ici quelques documents pour d\u00e9couvrir l&rsquo;\u00e9cole. N&rsquo;h\u00e9sitez pas \u00e0 nous joindre pour avoir de plus amples informations et\/ou pour prendre rendez-vous.<\/p>\n","protected":false},"author":1,"featured_media":0,"parent":0,"menu_order":0,"comment_status":"closed","ping_status":"closed","template":"","meta":{"footnotes":""},"class_list":["post-306","page","type-page","status-publish","hentry","entry"],"_links":{"self":[{"href":"https:\/\/ecolesainteanne-baud.com\/index.php\/wp-json\/wp\/v2\/pages\/306","targetHints":{"allow":["GET"]}}],"collection":[{"href":"https:\/\/ecolesainteanne-baud.com\/index.php\/wp-json\/wp\/v2\/pages"}],"about":[{"href":"https:\/\/ecolesainteanne-baud.com\/index.php\/wp-json\/wp\/v2\/types\/page"}],"author":[{"embeddable":true,"href":"https:\/\/ecolesainteanne-baud.com\/index.php\/wp-json\/wp\/v2\/users\/1"}],"replies":[{"embeddable":true,"href":"https:\/\/ecolesainteanne-baud.com\/index.php\/wp-json\/wp\/v2\/comments?post=306"}],"version-history":[{"count":8,"href":"https:\/\/ecolesainteanne-baud.com\/index.php\/wp-json\/wp\/v2\/pages\/306\/revisions"}],"predecessor-version":[{"id":3610,"href":"https:\/\/ecolesainteanne-baud.com\/index.php\/wp-json\/wp\/v2\/pages\/306\/revisions\/3610"}],"wp:attachment":[{"href":"https:\/\/ecolesainteanne-baud.com\/index.php\/wp-json\/wp\/v2\/media?parent=306"}],"curies":[{"name":"wp","href":"https:\/\/api.w.org\/{rel}","templated":true}]}}